ine v(h).
4
Let m(q) be the second derivative of 1/2*q**3 + 4 + 0*q**2 - 14*q. Suppose 0 = 2*u - 2, 2*x + 3*u + 7 = 4*x. Give m(x).
15
Let n(z) = -2*z**2 - 35*z + 17. Let a(b) = 16*b - 311. Let v be a(20). Suppose -1008 = 47*p + v*p. Give n(p).
-1
Let z be ((-12)/(-15))/(-3*(-1)/(-90)). Let l(u) = u**3 + 24*u**2 + u - 1. Give l(z).
-25
Let x(i) = 2*i**3 + 28*i**2 + 101*i + 92. Let o be x(-4). Let p(j) = 0*j - 8*j**2 - 2*j + 2*j**3 + 11 - j**3. Calculate p(o).
-5
Let w = -75 + 77. Let h(s) = -6*s**3 + 5*s + 6*s**3 + 0*s**3 + s**3 - 6 + 7*s**w. What is h(-6)?
0
Let w(u) = 7*u + 43. Let r(m) = -20*m - 123. Let a = 88 - 71. Let p(z) = a*w(z) + 6*r(z). Give p(0).
-7
Let r(k) = 6*k**3 - 18*k**2 - k - 10. Let a(n) = -7*n**3 + 20*n**2 + 2*n + 10. Let w(l) = -7*a(l) - 8*r(l). Give w(3).
55
Let k(y) = -10*y**2 - 8*y - 2. Suppose 28*w + 95 - 11 = 0. What is k(w)?
-68
Let a(p) = 5*p - 21. Let o be (-2592)/(-378) - ((-24)/(-14))/2. What is a(o)?
9
Let i(r) be the first derivative of r**2/2 + 8*r + 1. Let f(s) = -s**3 - 26*s**2 - 94*s - 137. Let p be f(-22). Determine i(p).
3
Let v(k) be the third derivative of -1/24*k**4 - 2*k - 7/3*k**3 + 0 - 40*k**2. Determine v(-6).
-8
Let b(w) = -7*w**2 - 12*w - 14. Let t be (572/(-110))/(-2*1/(-5)). Let l(a) = 15*a**2 + 24*a + 30. Let y(g) = t*b(g) - 6*l(g). Give y(-7).
-33
Let m(h) be the second derivative of h**6/120 + 2*h**5/15 + 7*h**4/24 + h**3/2 - 23*h**2 - 27*h. Let d(c) be the first derivative of m(c). Determine d(-7).
3
Let y be (4/(-8))/(12/48). Let o(t) = -2*t**3 + 3*t**2 + 3*t + 4. What is o(y)?
26
Suppose 3*x + 2 = 2*g, 5*x + 2 = 3*g - 1. Let f(a) = 8*a + x + 3*a**2 + 3 + 3*a + 1. Calculate f(-4).
8
Let g(x) = -13*x**2 - 59*x - 40. Let j(h) = 3*h**2 + 14*h + 9. Let l(y) = -2*g(y) - 9*j(y). What is l(-6)?
11
Let o(r) be the third derivative of 1/12*r**4 - 240*r**2 + 0 + 43/6*r**3 + 0*r. Determine o(-19).
5
Let v(j) = j**2 + 6*j - 2. Suppose 15 = -3*g + 42. Suppose 20 = 11*i - g*i. Suppose r = -i + 4. What is v(r)?
-2
Let v(b) = -b + 1. Suppose 15*h - 26 = -86. Let r be -3 + h + -2 - -5. What is v(r)?
5
Suppose 0 = -5*p + 2*t - 44, 2*p + 16 - 2 = 2*t. Let a(r) = r**2 + 9*r - 4. Let k be a(p). Suppose -8*z = -10*z - k. Let q(y) = -y**3 - 3*y**2 + 2*y. Give q(z).
-6
Let q(h) = 9*h**2 + 51*h - 16. Let n be q(-6). Let s(k) = -k**2. Let l(m) = m**2 - m + 1. Let d(t) = 2*l(t) + 5*s(t). Calculate d(n).
-14
Let p(c) be the third derivative of 5*c**4/4 + 5*c**3/2 + 57*c**2 - 2*c + 12. What is p(-1)?
-15
Let u = 70 - 65. Let c(i) = -3*i**2 - 14*i + 9. Let t(n) = -4*n**2 - 21*n + 14. Let r(w) = 7*c(w) - 5*t(w). Give r(u).
3
Let r(x) = x**3 - 7*x**2 + 7*x + 7. Let c(b) = -b**3 + 37 - 5*b + b + 7*b**2 - 6*b - 7. Let p be c(6). Determine r(p).
13
Let r(a) = -58*a**2 - 85*a + 52. Let t(k) = -41*k**2 - 61*k + 37. Let m(d) = 12*r(d) - 17*t(d). Calculate m(-13).
-57
Let u(f) = 2*f - 7. Let b(k) = k**3 - 32*k**2 + 33*k - 60. Let i be b(31). Suppose i*m + 12 = r, 6 = -4*m - r - 12. Determine u(m).
-17
Let w(g) = 5*g - 16. Let k(c) = -3*c**2 + 52*c - 38. Let h be k(16). Let t(f) = -4*f + 108. Let s be t(h). What is w(s)?
4
Let c(z) = -81 + 301 - 2*z - z - 24*z + 208. Calculate c(16).
-4
Let c(q) = -5*q - 14. Let g(w) = -2*w - 4. Let u(d) = -c(d) + 3*g(d). Let h(m) = -2*m - 10 + 25 - 14. Let f be h(4). Determine u(f).
9
Let f(s) = -s - 7. Let j(y) = -4*y**3 - 4*y**2 + 17*y + 13. Let h(l) = -3*l**3 - 6*l**2 + 16*l + 12. Let o(z) = 5*h(z) - 4*j(z). Let q be o(13). What is f(q)?
-2
Let d(y) = -5*y**2 - 2*y**2 - 26*y + 43 - 38*y + 6*y**2 + 87*y. Calculate d(25).
-7
Suppose -2748 - 102 = 150*o. Let l(m) = 2*m**2 + 47*m + 172. Determine l(o).
1
Let z(u) = -19*u + 168. Let s be 1/((-4)/10 + 1934/(-90) + 22). Determine z(s).
-3
Let f(x) be the third derivative of x**5/30 - 23*x**4/8 - 24*x**3 - 6*x**2 - 2*x - 86. Give f(-2).
2
Let t(o) = 4*o**2 - 5*o - 15. Let s(q) = -21 - 2*q + 24 + 2*q**2 - 10. Let p(y) = -13*s(y) + 6*t(y). Give p(-3).
-5
Let z(p) = -39*p**3 + 19*p**2 + 66. Let f(a) = 31*a**3 - 18*a**2 - a - 67. Let g(r) = -5*f(r) - 4*z(r). Calculate g(-14).
1
Let q(j) = j**2 - j - 1. Let u be q(-2). Suppose 2*i - 41 = -u*t, 30 + 17 = 5*t + 4*i. Let s(f) = 6*f**2 + 6 - t*f**2 + 7 - 6. Determine s(0).
7
Let z be 4/(-84)*-6*7. Suppose -3*d = -j + 8, -2*d - z*d + 4*j = 8. Let x(u) = -114*u**2 - u - 3*u + 57*u**2 + 53*u**2 - u**3 - 1. Determine x(d).
2
Let q(y) be the first derivative of -5*y**2/2 - 64*y + 890. Give q(-10).
-14
Let w(l) = -3*l. Let g(t) = -t - 2. Let u be g(-1). Let c be (0/(12/(-4)))/u. Suppose z - 4*v - 18 = c, 5*z - 4*v = 20 + 6. Determine w(z).
-6
Let s = 15086 - 15080. Let t(n) = -2*n**3 + 12*n**2 + n - 9. What is t(s)?
-3
Let g = 905 - 903. Let d(t) = t + 24*t + 3*t**g - 21*t + 1. Determine d(-4).
33
Let x(f) be the third derivative of 10*f**2 + 0*f - f**3 + 0 - 1/60*f**5 - 5/12*f**4. Determine x(-8).
10
Let p be (-96)/(-9)*(-78)/(-52). Let u(k) = -k**3 + 15*k**2 + 14*k + 28. Give u(p).
-4
Let y be 4/14 - ((-159)/7 - -4). Suppose 3*a = 4*a - y. Let n = -15 + a. Let t(b) = b**3 - 4*b**2 - 4*b + 3. Determine t(n).
-13
Let y(m) = -9*m**2 - m - 3. Let c be y(-1). Let f(w) = 103*w**3 - 16*w**2 - 5*w. Let p(x) = -20*x**3 + 3*x**2 + x. Let u(h) = c*p(h) - 2*f(h). Calculate u(-1).
-14
Let s(f) = -9*f + 2. Suppose -y - 2*y = -4*d + 152, -d + 5 = 0. Let b = y + 44. Suppose 4*a = -4*g - b*a - 12, 5*a + 21 = -2*g. Give s(g).
-16
Let b = 2495 + -2492. Let m(w) = w**2 - w + 4. Give m(b).
10
Let t be 2 - (1*-1 + 0). Let c = -3113 + 3115. Let f(o) = -3*o**2 + 2 - 5*o**3 + 3*o - 3*o**c - 3*o**3 + 7*o**t. Give f(-6).
-16
Suppose 0 = 2*b + 2, -43*r + 41*r = 2*b - 608. Let x(f) = f + r - 151 - 152 + f**2. Give x(-3).
8
Let d = -10 + 12. Let f(l) = -d*l + 2*l + l. Suppose 24*t = 18 + 78. Give f(t).
4
Let a(u) = u**2 - 14*u - 529. Let q be a(-17). Let o(b) = b + 2. Let h(i) = -3. Let m(x) = 3*h(x) + 4*o(x). Calculate m(q).
-9
Suppose 0*z + 120 = 8*z. Suppose 0 = -36*n - z - 21. Let w(k) = -14*k**3 - 2*k - 1. Calculate w(n).
15
Let k(p) = -p + 13. Suppose 12*m = 8*m - 4*s + 4, s - 9 = m. Let f be m + 1/((-6)/(-90)). Determine k(f).
2
Suppose -7 = 58*v - 59*v. Suppose 18 = -4*r + v*r. Let c be r/8 + (57/(-12) - -4). Let h(s) = s**3 + s**2 + s + 4. Give h(c).
4
Let a(c) = -56*c - 28. Let m(n) = 11*n - 2. Let o(h) = a(h) + 5*m(h). What is o(-32)?
-6
Let z(j) be the first derivative of -3/2*j**2 - 1/3*j**3 + 2*j + 37. Give z(2).
-8
Suppose 4*c = -16 + 4. Let u(q) be the second derivative of q**5/30 + q**3/6 - 43*q**2 + 16*q - 3. Let h(k) be the first derivative of u(k). Give h(c).
19
Let m(q) = -20*q**2 - 1. Let r = 374 - 371. Suppose 4 = -b, y + r*b - 12 + 23 = 0. Give m(y).
-21
Let z(h) = -h**2 - 7*h + 6. Let a be ((-130)/(-4))/(8*(-7)/(-224)). Let j = -137 + a. Calculate z(j).
6
Let q(x) = 73*x**2 - 3*x + 1. Let n be q(1). Let l = -75 + n. Let i(o) = -o**2 - 2*o**2 - 1 - o**3 + 5*o + 7. What is i(l)?
2
Let q = -97 + 99. Let l = -6 - -9. Let u(t) = -4 + 4 + 2*t - l*t. Calculate u(q).
-2
Let s(y) = 6*y - 32. Let p be (-6 - -1)*65/(-65). What is s(p)?
-2
Let b be 2/(-4)*(7 - 3). Let y = -332 + 335. Let k(v) = -3*v - y + 5*v - 6*v - v**2. What is k(b)?
1
Let z = -4053 - -4051. Let t(j) be the first derivative of j**4/3 - j**3/6 + 2*j**2 - 3. Let u(s) be the second derivative of t(s). Calculate u(z).
-17
Let a(v) be the second derivative of -v**3/6 + 9*v**2/2 + 12560*v. Let t = 11 - 6. Suppose 3*q - 30 = -3*o, -o - 8 = -0*o - t*q. Calculate a(o).
2
Let l(w) = 78*w**2 + 14*w - 13. Let i(m) = -134*m**2 - 24*m + 22. Let n(g) = 7*i(g) + 12*l(g). What is n(0)?
-2
Let r be (-2)/(-6)*-3 + 5 - -83. Let v = -87 + r. Let n(m) = -m**3 + m - 26. Calculate n(v).
-26
Let z(o) be the third derivative of o**6/120 - 3*o**5/10 + 5*o**4/8 + 5*o**3 + 21*o**2 + 19*o. Give z(17).
-4
Let m(n) = n + 585. Let q(l) = l + 488. Let w(x) = -5*m(x) + 6*q(x). Determine w(-2).
1
Let z(j) be the second derivative of j**3/6 - 15*j**2/2 - 2098*j. What is z(17)?
2
Let k(o) = -1794*o + 3628*o - 1812*o - 21 + o**2. Determine k(-22).
-21
Let y be (10/(-5))/(0 - 1/5). Suppose -1 = 5*s - 3*c - 27, -s + 3*c = -y. Let m(o) = o**2 - 2*o - 1. Calculate m(s).
7
Let h(u) = -4*u - 1. Let m = 214 - 33. Let i = -261 + m. Let r = i + 78. Give h(r).
7
Let w(t) = -t**3 - 19*t**2 + 18*t - 43.